. Calculate r(-6).
31
Let u(w) = 4*w. Give u(-3).
-12
Let h(x) = x**3 - 10*x**2 - 4*x + 15. What is h(10)?
-25
Let x(u) = -381*u - 2291. Determine x(-6).
-5
Let h(z) = -z**2 + 16*z - 30. Give h(15).
-15
Let v(y) = -y + 6. Determine v(-13).
19
Let r(w) = w**3 + 5*w**2 + 6*w + 2. Determine r(-2).
2
Let l(s) = 6*s + 50. Give l(-7).
8
Let k(j) = 10*j + 112. Give k(-11).
2
Let f(m) = m**3 + 26*m**2 - 4*m - 62. Calculate f(-26).
42
Let s(c) = 4*c**2 - 12*c + 4. Determine s(4).
20
Let j(s) = -s**2 - 11*s - 47. What is j(-8)?
-23
Let t(n) = n + 11. Determine t(-8).
3
Let i(v) = -v - 3. Determine i(-6).
3
Let y(g) = -2*g**2 - 3*g - 3. Give y(-4).
-23
Let v(s) = -41*s + 107. Determine v(3).
-16
Let h(j) = 4*j - 41. What is h(4)?
-25
Let h(r) = -3*r**2 + 13*r + 10. What is h(6)?
-20
Let w(y) = -2*y**3 - 9*y**2 + 56*y + 6. Determine w(-8).
6
Let x(m) = 10*m - 43. Determine x(3).
-13
Let o(v) = -v**3 - 10*v**2 - 4*v - 15. Calculate o(-10).
25
Let j(w) = -6*w - 146. What is j(-23)?
-8
Let y(v) = -15*v + 67. Give y(4).
7
Let h(j) = 4*j + 7. Determine h(6).
31
Let w(f) = -f**3 - 12*f**2 - 11*f. Give w(-10).
-90
Let o(i) = -4*i - 8. Calculate o(7).
-36
Let j(b) = -b**3 + 8*b**2 - 3*b + 9. Give j(9).
-99
Let a(v) = -v**3 - 9*v**2 - 20*v - 8. Calculate a(-6).
4
Let a(v) = 6*v - 13. Determine a(-9).
-67
Let w(s) = -s**2 + 8*s + 15. What is w(-4)?
-33
Let t(a) = 14*a**2. Calculate t(-1).
14
Let z(k) = -10*k**2 + 2*k + 2. Calculate z(-1).
-10
Let l(h) = -h**2 + 11*h + 497. What is l(-17)?
21
Let c(k) = -k**3 - 7*k**2 - 5. Determine c(-7).
-5
Let k(h) = -4*h**3 + 9*h**2 - 6*h - 1. What is k(3)?
-46
Let o(l) = -l**3 - 10*l**2 - 12. Calculate o(-10).
-12
Let h(d) = -d**3 - 4*d**2 + 14*d + 10. Determine h(-6).
-2
Let q(h) = 2*h - 10. Determine q(8).
6
Let i(z) = -z**2 - 8*z - 10. Determine i(-6).
2
Let o(v) = -v**2 - 2*v + 5. What is o(-5)?
-10
Let z(b) = -b**2 - 12*b - 9. What is z(-10)?
11
Let p(b) = b**3 - 10*b**2 + 9*b + 6. Give p(9).
6
Let c(g) = -g. Calculate c(-8).
8
Let a(g) = 4*g. Determine a(-5).
-20
Let v(x) = -5*x + 118. Determine v(23).
3
Let h(v) = 4*v + 26. Determine h(-11).
-18
Let d(l) = l**3 - 17*l - 2. Determine d(4).
-6
Let q(o) = -2*o**2 + 28*o - 3. Give q(14).
-3
Let m(d) = -8*d + 219. Give m(25).
19
Let f(g) = 2*g**2 - 10*g - 9. Determine f(9).
63
Let n(v) = v**3 + 55*v**2 + 57*v + 168. Give n(-54).
6
Let d(q) = q**3 + 5*q**2 + 5*q. Calculate d(-5).
-25
Let n(b) = -b**3 - 15*b**2 + b - 7. Determine n(-15).
-22
Let o(m) = -143*m - 856. Give o(-6).
2
Let l(o) = 11*o + 171. Calculate l(-14).
17
Let g(h) = h**3 - 8*h**2 + 6*h. Calculate g(8).
48
Let b(v) = -7*v - 21. Calculate b(-5).
14
Let m(b) = 14*b + 1. Determine m(-1).
-13
Let x(y) = y**2 + 6*y + 1. Calculate x(-4).
-7
Let y(l) = -l**2 - 12*l + 9. What is y(-13)?
-4
Let p(m) = -53*m**2 + 3*m - 2. What is p(1)?
-52
Let j(g) = -g**2 + 13*g - 2. Give j(12).
10
Let r(b) = b**2 + 9*b - 20. Give r(-11).
2
Let f(m) = m - 2. Give f(-17).
-19
Let g(y) = -42*y + 231. Give g(6).
-21
Let d(q) = -6*q - 23. Give d(-7).
19
Let s(w) = 12*w + 32. Determine s(-3).
-4
Let v(u) = 5*u**2 - 8*u - 9. Calculate v(-1).
4
Let h(k) = 2*k**2 + 9*k - 13. Give h(-6).
5
Let p(n) = 3*n**2 - 4*n - 3. What is p(-1)?
4
Let x(m) = -m**2 - 88*m - 428. Give x(-5).
-13
Let h(l) = l**2 - 6*l - 57. Calculate h(11).
-2
Let i(b) = 6*b + 60. Give i(-10).
0
Let l(a) = -a**3 + 6*a**2 - 7. Calculate l(6).
-7
Let n(p) = 8*p + 5. What is n(6)?
53
Let c(d) = 16*d + 4. Calculate c(-1).
-12
Let l(m) = 4*m**2 - 32*m + 20. Calculate l(7).
-8
Let c(n) = n**2 + 6*n - 110. What is c(8)?
2
Let g(d) = -d**3 + 12*d**2 + 18*d - 61. Determine g(13).
4
Let i(z) = -2*z + 39. Calculate i(16).
7
Let i(n) = -10*n - 92. Calculate i(-5).
-42
Let j(x) = 2*x**2 - 5*x - 5. What is j(4)?
7
Let m(o) = -8*o**2 - 3*o - 2. Give m(-1).
-7
Let t(v) = -v - 78. Determine t(16).
-94
Let i(g) = -g**3 - 2*g**2 + 7*g + 17. What is i(-2)?
3
Let d(r) = -r**3 + 6*r**2 + 9*r - 11. What is d(7)?
3
Let u(m) = m**3 - 28*m**2 + 28*m - 23. Determine u(27).
4
Let j(s) = 2*s**2 + 14*s - 3. Determine j(-7).
-3
Let y(n) = -6*n. Calculate y(-1).
6
Let z(n) = -n**3 - 21*n**2 - 19*n + 15. What is z(-20)?
-5
Let x(r) = r**3 - 2*r**2 - 8*r + 12. Give x(4).
12
Let g(f) = -f**3 + f**2 + f + 1. Determine g(2).
-1
Let b(o) = 2*o**2 - 20*o + 4. Determine b(10).
4
Let h(l) = -2*l**2 - 2*l + 3. Determine h(4).
-37
Let r(v) = 2*v**2 + 9*v - 7. Give r(-5).
-2
Let x(s) = -11*s - 123. Give x(-9).
-24
Let k(c) = c**2 - 7*c + 12. Give k(5).
2
Let n(l) = -l**3 + 5*l**2 + 6*l - 2. What is n(7)?
-58
Let s(b) = b**3 - 60*b**2 + 62*b - 163. What is s(59)?
14
Let u(l) = -15*l + 2. Give u(1).
-13
Let z(d) = -4*d - 3. Calculate z(-3).
9
Let p(w) = -12*w - 7. Give p(-3).
29
Let a(r) = -2*r**2 + 4*r + 3. Give a(4).
-13
Let j(q) = q**2 - 10*q - 4. Calculate j(8).
-20
Let y(o) = 39*o + 240. What is y(-6)?
6
Let p(v) = 13*v + 45. Give p(-5).
-20
Let n(r) = r**2 - 3*r - 5. Give n(6).
13
Let b(o) = -47*o - 219. What is b(-5)?
16
Let t(y) = -3*y - 22. Give t(1).
-25
Let n(z) = -z - 8. Determine n(-10).
2
Let i(q) = q**2 - q + 2. Determine i(0).
2
Let s(z) = -z**2 - 26*z + 13. What is s(-27)?
-14
Let g(r) = -2*r**3 - 2*r**2 - r + 8. What is g(-4)?
108
Let i(w) = -w**2 + 10*w + 23. What is i(12)?
-1
Let i(b) = -13*b - 5. Calculate i(3).
-44
Let a(p) = -p**3 + 9*p**2 + 6*p. Determine a(9).
54
Let a(n) = n**3 - 8*n**2 - 9*n - 7. Calculate a(9).
-7
Let d(l) = 2*l**3 - 18*l**2 + 13*l - 32. Give d(8).
-56
Let g(s) = s**2 + 23*s - 17. Determine g(-17).
-119
Let i(x) = -x**2 + 15*x + 4. What is i(14)?
18
Let i(r) = 4*r + 51. Calculate i(-12).
3
Let d(o) = 2*o**3 + 2*o**2 + 2*o - 3. What is d(2)?
25
Let f(l) = l**3 - 12*l**2 + 10*l + 16. Determine f(11).
5
Let n(x) = x**3 + 5*x**2 + 6*x + 2. Calculate n(-4).
-6
Let q(a) = -19*a - 10. Give q(2).
-48
Let v(g) = -g**3 - 5*g**2 + 2*g + 9. Calculate v(-5).
-1
Let q(b) = -3*b**2 - 2*b - 7. What is q(0)?
-7
Let a(r) = 2*r**3 - 5*r**2 - 4*r - 2. Determine a(3).
-5
Let g(j) = -3*j**2 - j + 4. Determine g(-3).
-20
Let g(u) = -u**3 + 8*u**2 + 2*u - 11. Determine g(7).
52
Let i(a) = -8*a - 26. Determine i(-4).
6
Let k(u) = 3*u + 33. Calculate k(-8).
9
Let d(m) = -m + 1. Calculate d(2).
-1
Let h(y) = y - 4. What is h(7)?
3
Let c(p) = 22*p + 38. Determine c(-2).
-6
Let y(x) = -5*x + 31. Calculate y(5).
6
Let u(f) = f**3 + 8*f**2 - 6*f + 12. What is u(-9)?
-15
Let l(r) = -r**3 + 18*r**2 - 9*r + 45. What is l(18)?
-117
Let u(o) = -o**3 + 3*o**2 + 4*o - 10. Calculate u(4).
-10
Let v(i) = -3*i**2 + i + 1. What is v(-1)?
-3
Let u(h) = -h**3 + 13*h**2 + 12*h. Give u(14).
-28
Let z(n) = n**2 + 5*n + 10. Give z(-11).
76
Let a(d) = d**3 - 4*d**2 - 11*d - 14. What is a(6)?
-8
Let h(u) = -7*u - 9. Determine h(-4).
19
Let p(g) = -65*g + 590. Calculate p(9).
5
Let v(h) = h**2 - 11*h + 2. Give v(11).
2
Let w(f) = 2*f**3 - f**2 - f + 1. Calculate w(2).
11
Let z(n) = 24*n - 8. Determine z(0).
-8
Let v(o) = 44*o**2 - 307*o - 16. Determine v(7).
-9
Let i(c) = -3*c**3 - 54*c**2 - 49*c + 33. Calculate i(-17).
-1
Let a(j) = -j**3 - 7*j**2 - 9*j - 3. Determine a(-5).
-8
Let f(l) = -2*l**2 + 4*l - 1. Calculate f(4).
-17
Let r(y) = -y**3 - 8*y**2 - 10*y - 9. What is r(-6)?
-21
Let v(a) = a**3 - 6*a**2 + 7*a - 7. Give v(6).
35
Let c(x) = -x**3 + 10*x**2 - x + 7. What is c(7)?
147
Let f(i) = -i**3 + 12*i**2 - 46. Calculate f(11).
75
Let v(w) = -w**2 + 6*w + 67. Give v(12).
-5
Let t(y) = -y**2 - 19*y - 15. Give t(-18).
3
Let a(h) = h**3 - 15*h**2 - h + 18. Determine a(15).
3
Let v(j) = 2*j**2 - 10*j - 7. What is v(5)?
-7
Let o(g) = 17*g**2 + 2*g - 4. Give o(2).
68
Let h(p) = -10*p + 467. Determine h(48).
-13
Let x(r) = r**3 - 23*r**2 - 26*r + 45. Calculate x(24).
-3
Let a(p) = -3*p**2 - 4. What is a(-2)?
-16
Let l(u) = -u**3 - 4*u + 42. Calculate l(0).
42
Let k(p) = 11*p - 201. Give k(18).
-3
Let d(p) = -p**3 + 6*p**2 + 6*p. Calculate d(6).
36
Let k(b) = 3*b**2 + 4*b + 2. Calculate k(-3).
17
Let m(j) = -j**2 + 26*j - 44. Give m(20).
76
Let g(b) = 2*b**2 + b + 3. Give g(-4).
31
Let h(c) = 7*c + 17. Calculate h(-6).
-25
Let t(g) = 5*g + 28. Calculate t(-7).
-7
Let o(k) = -k**3 - 4*k**2 + 4*k - 5. Calculate o(-5).
0
Let g(t) = 6*t + 126. Calculate g(-20).
6
Let n(h) = -h**3 - 5*h**2 - 3*h - 4. Determine n(-5).
11
Let s(o) 